16 = 3*q, -f = 4*n - q - a*q. What are the prime factors of n?
2
Suppose 2*y + 0 - 3 = -3*t, 2*t + 3*y - 2 = 0. Let a = t + -3. What are the prime factors of (-2 - 2)/(a/5)?
2, 5
Let o(m) be the first derivative of 1/3*m**3 - m - 3/2*m**2 - 1. List the prime factors of o(4).
3
Let p(z) = 31*z - 10. List the prime factors of p(3).
83
Suppose 2*q - 312 = -2*q. Suppose -3*s + 0*s = -q. What are the prime factors of s?
2, 13
What are the prime factors of 626/14 + 6/21?
3, 5
Let x(a) = 6 - 4 - 6*a**3 - 3. What are the prime factors of x(-1)?
5
Let u(c) = -c**2 + 6*c + 5. Let w be (2/(-3))/((-3)/(-9)). Let h be (-9)/(-2) + w/(-4). List the prime factors of u(h).
2, 5
Let y = -3 - -5. Suppose 1 = 5*m - y*c - 14, 0 = 3*c. List the prime factors of m.
3
Let z(l) = l**2 - 9*l + 1. Let f be z(8). Let s = f - -22. List the prime factors of s.
3, 5
Suppose -3*d = 3*l + 6, 0 = -3*d - 4*l - l - 6. Let q(c) = -c**3 - c**2 - 2*c. List the prime factors of q(d).
2
Suppose 3*w = -3*y + 336, -4*y - 4*w + 6*w = -472. What are the prime factors of y?
2, 29
Let z = 613 + -115. What are the prime factors of (-4)/18 + z/54?
3
List the prime factors of 5/(3*-10) - 151/(-6).
5
Let u(y) = -y - 8. Let v be u(-10). Suppose -3*l + 3*w + 9 = -0*l, l - 3*w = 7. List the prime factors of (v - l)*(5 + -3).
2
Suppose -11 = 2*o + 3*b, -17 = 3*o - 4*o + 3*b. Suppose -o*a = 4*i - 44, 5*a - i - 59 = 3*a. List the prime factors of a.
2, 7
Suppose -27*b = -26*b - 158. What are the prime factors of b?
2, 79
Let q(l) = -l + 14. Let a be q(15). Let s be (-2)/9 + (-58)/(-18). Let y = s - a. List the prime factors of y.
2
Suppose 0 = l - 2*k - 8, -5*k = -4*k + 3. Let o be (l - 1)/(2/4). Suppose 0 = -o*g + 3 + 17. What are the prime factors of g?
2, 5
Let g be (-4)/6*(-111)/2. Let h = g + -5. What are the prime factors of 3/(4/(h/3))?
2
Suppose 2*l = 4 + 2. Suppose -g = -2*g + l, -3*g + 29 = f. What are the prime factors of f?
2, 5
What are the prime factors of (-1)/2*-4 - -50?
2, 13
Let u(n) = n**2 - 8*n - 2. Let w be u(6). Let o = w + 32. Suppose -k - o = -3*k. What are the prime factors of k?
3
Suppose 16 + 239 = 5*w. List the prime factors of w.
3, 17
Suppose -3*u + 0*u + 9 = 0. Suppose 2*b - 6*b = -264. Suppose -u*l + 2*r + 13 + 9 = 0, 5*l - b = -4*r. List the prime factors of l.
2, 5
Let g(a) = 27*a**2 + a + 1. List the prime factors of g(3).
13, 19
Suppose 5 - 10 = -v - h, 15 = -3*h. Let m be ((-14)/5)/((-2)/v). What are the prime factors of 2*1/4*m?
7
Suppose 5*f - 55 = -6*r + r, 0 = f - 4*r - 1. Suppose 0 = -4*i - 2*q - q + f, i - 6 = -2*q. Suppose i = -2*n + n + 15. What are the prime factors of n?
3, 5
Suppose 116 - 28 = 2*r. What are the prime factors of r?
2, 11
Let r = -18 - -25. Suppose 5*j - 4*o + r = 0, -2*j + 1 = 3*o + 13. Let u = 5 + j. List the prime factors of u.
2
Suppose 0 = -2*a + 2. Let h be ((-1)/(0 - a))/(-1). What are the prime factors of h/((-11)/5 + 2)?
5
Let t = 15 - -19. What are the prime factors of t?
2, 17
Let o(q) = -q**3 + 10*q**2 - 10*q + 13. Let y be o(9). Suppose -y*h + 116 = -4*f, -5*h + 5*f - 2*f = -155. List the prime factors of h.
2, 17
Let j(y) = -3*y - 3*y + 5*y + 4 + 16*y. List the prime factors of j(2).
2, 17
Suppose -o + 2*o + 5*j + 34 = 0, 3*o + 2*j + 37 = 0. List the prime factors of (-654)/(-27) - (-2)/o.
2, 3
Let t be (-10*(3 + -4))/2. Suppose 2*p + 0*p + 65 = 5*s, -t*p + 19 = 4*s. What are the prime factors of s?
11
What are the prime factors of 4*(770/33)/(8/21)?
5, 7
Let d = 8 + -4. Suppose 3*m + 12 = p - 16, -62 = -d*p + 2*m. What are the prime factors of p?
13
Let b(u) = 5*u**2 - 4*u + 1. What are the prime factors of b(2)?
13
Let m(a) = -a**3 + 5*a**2 + a + 4. Let t be m(6). What are the prime factors of 28/182 + (-776)/t?
2, 3, 5
Suppose -3*a + 5*f + 20 = -9, -2*a - 4*f = -12. What are the prime factors of a?
2
Suppose 5*w + 6 + 5 = -2*l, 0 = -3*l + 3*w + 36. Let g(v) = v**3 - 7*v**2 - v + 10. What are the prime factors of g(l)?
3
What are the prime factors of (5 - 115/25) + (-2439)/(-15)?
163
Let y be (-215)/(-7) + 2/7. Suppose -4*l - y = 5*m - 2, -l = 4*m + 10. Let d = 8 + l. What are the prime factors of d?
2
Let y be (-6)/27 + (-75)/27. Let j(f) = -f**3 + f**2 + 3*f - 2. Let q be j(y). Suppose -q = -2*d + g, 3*g + 65 = 5*d - 0*g. List the prime factors of d.
2, 5
Let y = -8 + 14. What are the prime factors of y?
2, 3
Let r be (5 + -7)*(-2 + 3). What are the prime factors of 56/(-7)*r*1?
2
Suppose 0*y + 4 = y. Suppose y*s + 0*s - 8 = 0. Suppose s*t + 10 = 26. What are the prime factors of t?
2
Suppose -a = 2*a - 2*w + 20, 4*a - 5*w + 22 = 0. Let q = -2 - a. Suppose -3*u + q*u = 42. What are the prime factors of u?
2, 7
Let k = 178 - 98. Suppose -5*f + c = -k, 1 = -f + 5*c - 7. What are the prime factors of f?
17
Suppose -992 = -z - 7*z. What are the prime factors of z?
2, 31
Suppose 4*y + 11 = 79. Let l be 2 + (-3 + 5 - -9). Suppose 65 = 5*o + 5*a, 4*a - y = -2*o + l. List the prime factors of o.
11
Let v(l) = 2*l**2 + 26*l + 10. What are the prime factors of v(-14)?
2, 19
Let m(a) = 10*a - 1. What are the prime factors of m(6)?
59
Suppose -5*o - 12 + 47 = 5*r, -5*r + 2*o + 21 = 0. Let j(p) be the third derivative of p**5/30 - p**4/3 + p**3/2 + p**2. List the prime factors of j(r).
13
Let u(o) = -o. Let p be u(2). Let i = p - -6. List the prime factors of (-10)/(-24)*3*i.
5
Let b = 19 - -198. Suppose -3*z + o = -133, -5*z = -0*o - 4*o - b. What are the prime factors of z?
3, 5
Let z(c) = -3*c + 10. Let i be z(4). List the prime factors of ((-8)/i + 0)*2.
2
What are the prime factors of (58/87)/(1 - 674/678)?
113
Let c = 4 - -38. What are the prime factors of c?
2, 3, 7
Let z(n) be the first derivative of n**3 - n**2 + 5. What are the prime factors of z(3)?
3, 7
Suppose -6*w + 10 = -2*w + 2*g, -5*w + 25 = 5*g. Let t = w + 0. Suppose -2*o = -t*o - 14. List the prime factors of o.
7
Let n(p) = p + 10. Let q be n(0). Suppose u = -14 - q. Let t = -11 - u. What are the prime factors of t?
13
Let t(s) = -3*s - 6. Let d be t(-2). Let j = -1 + 5. Suppose 0*i = -i - m + 2, d = -j*m - 12. What are the prime factors of i?
5
Suppose 2*b + 24 = b. Let x = -14 - b. List the prime factors of x.
2, 5
Let f(i) = -i**2 - 36. Let x be f(0). Let m = 50 + x. Let y = m - 3. What are the prime factors of y?
11
Suppose -120 = 4*a - 2*d, 2*a + 2*d = -0*d - 66. Let u = a + 44. Let l = 20 - u. What are the prime factors of l?
7
Let i = 3 + -11. Let y(b) = b**2 + 6*b - 11. List the prime factors of y(i).
5
Let u(c) = -c**3 + 5*c**2 + 5*c + 8. Let j be u(6). Let d(r) = -r**3 - 3*r**2 - 2 + 3*r**2 + j*r**3 - r**2. What are the prime factors of d(3)?
2
Suppose -3*q - 2*x + 93 = 0, -3*x = 2*q - 0*x - 62. Let n = 55 - q. What are the prime factors of n?
2, 3
Let v = -64 + 120. List the prime factors of v.
2, 7
Let v be 0 - (0 - 0)*1. Suppose v = -3*t, 0*t - 48 = -4*k + t. What are the prime factors of k?
2, 3
List the prime factors of 148*(-8)/((-80)/15).
2, 3, 37
Let n = 12 - 8. Suppose -106 = -n*l + q, 4*l - 2*q - 13 = 95. List the prime factors of l.
2, 13
Let w be 0/(-1) + (-4)/(-2). Suppose w*m - 6 = -0*m. What are the prime factors of 5/(-1)*(-4 + m)?
5
What are the prime factors of -10*(-4 + 0/(-3))?
2, 5
Suppose -7 = 2*i - 17. Suppose i*c - 23 = -3*h, -4*c + c + 11 = -h. Let f(w) = 14*w - 1. List the prime factors of f(h).
13
Let j = 71 - 37. List the prime factors of j.
2, 17
Let j be 84/15 + (-2)/(-5). Suppose -4*u - j*r = -2*r - 84, 0 = 5*u - 5*r - 145. What are the prime factors of u?
5
Let v = -5 + 8. Suppose -v*y + 39 = -q, 4*y - q = 7*y - 45. List the prime factors of y.
2, 7
Let c(i) = 4*i + 11. Let y be c(-9). Let h = y - -40. Suppose 2*t - h = -3*t. What are the prime factors of t?
3
Suppose 21 = -5*k + 461. Suppose 3*g - k = -g. List the prime factors of g.
2, 11
Let r(f) = -f + 11. Let u be r(6). Suppose -u*s + 4*l + 68 = -39, 5*l = 5*s - 110. What are the prime factors of s?
19
Let t(v) = -v**3 - 6*v**2 - 8*v - 9. What are the prime factors of t(-6)?
3, 13
Let x be (-4)/(-10) - 12/5. Let z = x - -19. Suppose -5*q + z = -18. List the prime factors of q.
7
Let x = -5 + -2. Let v(l) = -l**2 - 9*l - 7. List the prime factors of v(x).
7
Let v be 2/(-2*(-3)/216). Let k = v + -50. What are the prime factors of k?
2, 11
Let d(p) = 5*p - 5 - p -